ands digit of 791168630?
1
What is the units digit of 33296033?
3
What is the hundreds digit of 150742864?
8
What is the thousands digit of 705766107?
6
What is the hundreds digit of 9477522?
5
What is the tens digit of 3225412283?
8
What is the hundreds digit of 350579709?
7
What is the ten thousands digit of 7413531?
1
What is the billions digit of 1859385534?
1
What is the hundred thousands digit of 33701703?
7
What is the units digit of 33805081?
1
What is the ten thousands digit of 77460708?
6
What is the hundred millions digit of 166056787?
1
What is the thousands digit of 403121745?
1
What is the millions digit of 482330305?
2
What is the ten millions digit of 189525690?
8
What is the units digit of 3594924593?
3
What is the ten thousands digit of 340867983?
6
What is the thousands digit of 2459859791?
9
What is the millions digit of 4677299879?
7
What is the ten thousands digit of 3347274?
4
What is the hundred thousands digit of 339680979?
6
What is the tens digit of 44476166?
6
What is the hundreds digit of 160510421?
4
What is the ten thousands digit of 574782574?
8
What is the hundreds digit of 6122612?
6
What is the hundred millions digit of 139955092?
1
What is the millions digit of 71493974?
1
What is the thousands digit of 1366855382?
5
What is the hundred millions digit of 410498110?
4
What is the units digit of 81360249?
9
What is the ten thousands digit of 19979574?
7
What is the hundred thousands digit of 647840297?
8
What is the hundreds digit of 227322513?
5
What is the hundred millions digit of 1542693309?
5
What is the thousands digit of 256715368?
5
What is the hundred thousands digit of 219966449?
9
What is the ten millions digit of 150416787?
5
What is the tens digit of 16233964?
6
What is the thousands digit of 1174728473?
8
What is the hundreds digit of 27704283?
2
What is the tens digit of 66437836?
3
What is the units digit of 5133986?
6
What is the ten thousands digit of 364350928?
5
What is the millions digit of 186180281?
6
What is the hundred thousands digit of 75210394?
2
What is the hundred thousands digit of 150421457?
4
What is the ten millions digit of 160080026?
6
What is the hundreds digit of 2159098697?
6
What is the ten thousands digit of 2785275001?
7
What is the hundred thousands digit of 86295351?
2
What is the hundred thousands digit of 40512099?
5
What is the thousands digit of 157406565?
6
What is the hundred thousands digit of 322901464?
9
What is the units digit of 322487108?
8
What is the units digit of 867634043?
3
What is the tens digit of 37547407?
0
What is the thousands digit of 325373270?
3
What is the tens digit of 1352284534?
3
What is the thousands digit of 407103335?
3
What is the hundred millions digit of 399423357?
3
What is the units digit of 120666441?
1
What is the millions digit of 271618032?
1
What is the hundreds digit of 17731856?
8
What is the hundred thousands digit of 611541168?
5
What is the millions digit of 1061237060?
1
What is the thousands digit of 4231347593?
7
What is the ten millions digit of 123880258?
2
What is the tens digit of 662628170?
7
What is the hundreds digit of 171359601?
6
What is the thousands digit of 49010507?
0
What is the tens digit of 3743922913?
1
What is the millions digit of 3543165?
3
What is the millions digit of 1480349611?
0
What is the tens digit of 700629441?
4
What is the ten thousands digit of 421211447?
1
What is the hundreds digit of 22444788?
7
What is the hundred millions digit of 1636813160?
6
What is the hundred thousands digit of 276961675?
9
What is the thousands digit of 60243514?
3
What is the thousands digit of 912123516?
3
What is the millions digit of 20710985?
0
What is the hundred millions digit of 648394789?
6
What is the tens digit of 7660947?
4
What is the thousands digit of 5705014653?
4
What is the thousands digit of 424606165?
6
What is the units digit of 333712887?
7
What is the ten thousands digit of 694529881?
2
What is the hundreds digit of 1009417349?
3
What is the thousands digit of 881298109?
8
What is the units digit of 3114517385?
5
What is the thousands digit of 1980232211?
2
What is the hundred thousands digit of 88527427?
5
What is the ten thousands digit of 79957500?
5
What is the tens digit of 970773202?
0
What is the millions digit of 66976363?
6
What is the units digit of 1798449433?
3
What is the tens digit of 30575865?
6
What is the hundreds digit of 29472598?
5
What is the thousands digit of 25499819?
9
What is the ten thousands digit of 77063675?
6
What is the ten millions digit of 38121526?
3
What is the tens digit of 54647763?
6
What is the units digit of 2936408402?
2
What is the hundred thousands digit of 13305575?
3
What is the ten thousands digit of 223539711?
3
What is the units digit of 2527327010?
0
What is the units digit of 395176261?
1
What is the hundred millions digit of 199032610?
1
What is the tens digit of 13442147?
4
What is the ten millions digit of 69677060?
6
What is the hundred millions digit of 183651797?
1
What is the tens digit of 43879756?
5
What is the hundreds digit of 3662406?
4
What is the ten millions digit of 552098619?
5
What is the units digit of 22089105?
5
What is the tens digit of 121819799?
9
What is the hundreds digit of 80107452?
4
What is the units digit of 973575292?
2
What is the thousands digit of 18845252?
5
What is the ten millions digit of 903030940?
0
What is the tens digit of 9645093?
9
What is the millions digit of 88681548?
8
What is the ten thousands digit of 35041205?
4
What is the ten thousands digit of 3035033915?
3
What is the units digit of 423836986?
6
What is the millions digit of 190806444?
0
What is the millions digit of 54389551?
4
What is the hundreds digit of 119840700?
7
What is the ten thousands digit of 26957928?
5
What is the units digit of 324975215?
5
What is the ten millions digit of 2237200894?
3
What is the tens digit of 347943714?
1
What is the hundred thousands digit of 459770451?
7
What is the hundreds digit of 916209699?
6
What is the hundred millions digit of 115667727?
1
What is the ten thousands digit of 269431018?
3
What is the hundreds digit of 328752615?
6
What is the millions digit of 18933674?
8
What is the units digit of 328413733?
3
What is the hundred thousands digit of 51376880?
3
What is the ten millions digit of 5808707124?
0
What is the millions digit of 227978549?
7
What is the thousands digit of 553992812?
2
What is the thousands digit of 597940170?
0
What is the tens digit of 3306476320?
2
What is the hundreds digit of 42999962?
9
What is the millions digit of 182444860?
2
What is the hundred thousands digit of 213998874?
9
What is the thousands digit of 709740581?
0
What is the ten thousands digit of 292657631?
5
What is the thousands digit of 32818074?
8
What is the millions digit of 4330381839?
0
What is the ten millions digit of 590320687?
9
What is the ten thousands digit of 1207268001?
6
What is the ten thousands digit of 1620701685?
0
What is the hundred thousands digit of 101124891?
1
What is the units digit of 868221439?
9
What is the ten thousands digit of 254196211?
9
What is the ten millions digit of 256518001?
5
What is the billions digit of 3419405182?
3
What is the hundred thousands digit of 39336538?
3
What is the tens digit of 373864931?
3
What is the thousands digit of 584308661?
8
What is the ten thousands digit of 87101563?
0
What is the units digit of 168822439?
9
What is the hundred millions digit of 6057046492?
0
What is the millions digit of 1479866742?
9
What is the hundred thousands digit of 152891011?
8
What is the units digit of 1391173761?
1
What is the ten millions digit of 691408552?
9
What is the units digit of 594273244?
4
What is the hundreds digit of 9661950340?
3
What is the millions digit of 217980105?
7
What is the thousands digit of 1284023652?
3
What is the hundred thousands digit of 21692185?
6
What is the billions digit of 2320820950?
2
What is the millions digit of 54012899?
4
What is the ten thousands digit of 96567910?
6
What is the billions digit of 3297260876?
3
What is the hundred millions digit of 566784957?
5
What is the hundreds digit of 102156979?
9
What is the hundreds digit of 418097616?
6
What is the ten millions digit of 59202142?
5
What 